{"id":26563,"date":"2018-11-16T19:46:16","date_gmt":"2018-11-16T19:46:16","guid":{"rendered":"http:\/\/www.federacaopaulistadefutsal.com.br\/novo\/wp-content\/uploads\/2018\/11\/FEITI\u00c7O-LADO-ESQUERDO-FUNDO-SEGUNDO-HOMEM-TA\u00c7A-1\u00aa-TA\u00c7A-BRASIL-DE-F.S.-1968.png"},"modified":"2018-11-16T19:46:16","modified_gmt":"2018-11-16T19:46:16","slug":"feitico-lado-esquerdo-fundo-segundo-homem-taca-1a-taca-brasil-de-f-s-1968","status":"inherit","type":"attachment","link":"https:\/\/www.federacaopaulistadefutsal.com.br\/novo\/onde-tudo-comecou-um-dos-melhores-da-modalidade\/feitico-lado-esquerdo-fundo-segundo-homem-taca-1a-taca-brasil-de-f-s-1968\/","title":{"rendered":"FEITI\u00c7O &#8211; LADO ESQUERDO FUNDO &#8211; SEGUNDO HOMEM &#8211; TA\u00c7A- 1\u00aa TA\u00c7A BRASIL DE F.S. &#8211; 1968"},"author":2,"featured_media":0,"comment_status":"open","ping_status":"closed","template":"","meta":[],"class_list":["post-26563","attachment","type-attachment","status-inherit","hentry"],"description":{"rendered":"<p class=\"attachment\"><a href='https:\/\/www.federacaopaulistadefutsal.com.br\/novo\/wp-content\/uploads\/2018\/11\/FEITI\u00c7O-LADO-ESQUERDO-FUNDO-SEGUNDO-HOMEM-TA\u00c7A-1\u00aa-TA\u00c7A-BRASIL-DE-F.S.-1968.png'><img fetchpriority=\"high\" decoding=\"async\" width=\"300\" height=\"226\" src=\"https:\/\/www.federacaopaulistadefutsal.com.br\/novo\/wp-content\/uploads\/2018\/11\/FEITI\u00c7O-LADO-ESQUERDO-FUNDO-SEGUNDO-HOMEM-TA\u00c7A-1\u00aa-TA\u00c7A-BRASIL-DE-F.S.-1968-300x226.png\" class=\"attachment-medium size-medium\" alt=\"\" srcset=\"https:\/\/www.federacaopaulistadefutsal.com.br\/novo\/wp-content\/uploads\/2018\/11\/FEITI\u00c7O-LADO-ESQUERDO-FUNDO-SEGUNDO-HOMEM-TA\u00c7A-1\u00aa-TA\u00c7A-BRASIL-DE-F.S.-1968-300x226.png 300w, https:\/\/www.federacaopaulistadefutsal.com.br\/novo\/wp-content\/uploads\/2018\/11\/FEITI\u00c7O-LADO-ESQUERDO-FUNDO-SEGUNDO-HOMEM-TA\u00c7A-1\u00aa-TA\u00c7A-BRASIL-DE-F.S.-1968-768x579.png 768w, https:\/\/www.federacaopaulistadefutsal.com.br\/novo\/wp-content\/uploads\/2018\/11\/FEITI\u00c7O-LADO-ESQUERDO-FUNDO-SEGUNDO-HOMEM-TA\u00c7A-1\u00aa-TA\u00c7A-BRASIL-DE-F.S.-1968-1024x772.png 1024w, https:\/\/www.federacaopaulistadefutsal.com.br\/novo\/wp-content\/uploads\/2018\/11\/FEITI\u00c7O-LADO-ESQUERDO-FUNDO-SEGUNDO-HOMEM-TA\u00c7A-1\u00aa-TA\u00c7A-BRASIL-DE-F.S.-1968.png 1884w\" sizes=\"(max-width: 300px) 100vw, 300px\" \/><\/a><\/p>\n"},"caption":{"rendered":""},"alt_text":"","media_type":"image","mime_type":"image\/png","media_details":{"width":1884,"height":1420,"file":"2018\/11\/FEITI\u00c7O-LADO-ESQUERDO-FUNDO-SEGUNDO-HOMEM-TA\u00c7A-1\u00aa-TA\u00c7A-BRASIL-DE-F.S.-1968.png","sizes":{"thumbnail":{"file":"FEITI\u00c7O-LADO-ESQUERDO-FUNDO-SEGUNDO-HOMEM-TA\u00c7A-1\u00aa-TA\u00c7A-BRASIL-DE-F.S.-1968-150x150.png","width":150,"height":150,"mime_type":"image\/png","source_url":"https:\/\/www.federacaopaulistadefutsal.com.br\/novo\/wp-content\/uploads\/2018\/11\/FEITI\u00c7O-LADO-ESQUERDO-FUNDO-SEGUNDO-HOMEM-TA\u00c7A-1\u00aa-TA\u00c7A-BRASIL-DE-F.S.-1968-150x150.png"},"medium":{"file":"FEITI\u00c7O-LADO-ESQUERDO-FUNDO-SEGUNDO-HOMEM-TA\u00c7A-1\u00aa-TA\u00c7A-BRASIL-DE-F.S.-1968-300x226.png","width":300,"height":226,"mime_type":"image\/png","source_url":"https:\/\/www.federacaopaulistadefutsal.com.br\/novo\/wp-content\/uploads\/2018\/11\/FEITI\u00c7O-LADO-ESQUERDO-FUNDO-SEGUNDO-HOMEM-TA\u00c7A-1\u00aa-TA\u00c7A-BRASIL-DE-F.S.-1968-300x226.png"},"medium_large":{"file":"FEITI\u00c7O-LADO-ESQUERDO-FUNDO-SEGUNDO-HOMEM-TA\u00c7A-1\u00aa-TA\u00c7A-BRASIL-DE-F.S.-1968-768x579.png","width":768,"height":579,"mime_type":"image\/png","source_url":"https:\/\/www.federacaopaulistadefutsal.com.br\/novo\/wp-content\/uploads\/2018\/11\/FEITI\u00c7O-LADO-ESQUERDO-FUNDO-SEGUNDO-HOMEM-TA\u00c7A-1\u00aa-TA\u00c7A-BRASIL-DE-F.S.-1968-768x579.png"},"large":{"file":"FEITI\u00c7O-LADO-ESQUERDO-FUNDO-SEGUNDO-HOMEM-TA\u00c7A-1\u00aa-TA\u00c7A-BRASIL-DE-F.S.-1968-1024x772.png","width":1024,"height":772,"mime_type":"image\/png","source_url":"https:\/\/www.federacaopaulistadefutsal.com.br\/novo\/wp-content\/uploads\/2018\/11\/FEITI\u00c7O-LADO-ESQUERDO-FUNDO-SEGUNDO-HOMEM-TA\u00c7A-1\u00aa-TA\u00c7A-BRASIL-DE-F.S.-1968-1024x772.png"},"colormag-highlighted-post":{"file":"FEITI\u00c7O-LADO-ESQUERDO-FUNDO-SEGUNDO-HOMEM-TA\u00c7A-1\u00aa-TA\u00c7A-BRASIL-DE-F.S.-1968-392x272.png","width":392,"height":272,"mime_type":"image\/png","source_url":"https:\/\/www.federacaopaulistadefutsal.com.br\/novo\/wp-content\/uploads\/2018\/11\/FEITI\u00c7O-LADO-ESQUERDO-FUNDO-SEGUNDO-HOMEM-TA\u00c7A-1\u00aa-TA\u00c7A-BRASIL-DE-F.S.-1968-392x272.png"},"colormag-featured-post-medium":{"file":"FEITI\u00c7O-LADO-ESQUERDO-FUNDO-SEGUNDO-HOMEM-TA\u00c7A-1\u00aa-TA\u00c7A-BRASIL-DE-F.S.-1968-390x205.png","width":390,"height":205,"mime_type":"image\/png","source_url":"https:\/\/www.federacaopaulistadefutsal.com.br\/novo\/wp-content\/uploads\/2018\/11\/FEITI\u00c7O-LADO-ESQUERDO-FUNDO-SEGUNDO-HOMEM-TA\u00c7A-1\u00aa-TA\u00c7A-BRASIL-DE-F.S.-1968-390x205.png"},"colormag-featured-post-small":{"file":"FEITI\u00c7O-LADO-ESQUERDO-FUNDO-SEGUNDO-HOMEM-TA\u00c7A-1\u00aa-TA\u00c7A-BRASIL-DE-F.S.-1968-130x90.png","width":130,"height":90,"mime_type":"image\/png","source_url":"https:\/\/www.federacaopaulistadefutsal.com.br\/novo\/wp-content\/uploads\/2018\/11\/FEITI\u00c7O-LADO-ESQUERDO-FUNDO-SEGUNDO-HOMEM-TA\u00c7A-1\u00aa-TA\u00c7A-BRASIL-DE-F.S.-1968-130x90.png"},"colormag-featured-image":{"file":"FEITI\u00c7O-LADO-ESQUERDO-FUNDO-SEGUNDO-HOMEM-TA\u00c7A-1\u00aa-TA\u00c7A-BRASIL-DE-F.S.-1968-800x445.png","width":800,"height":445,"mime_type":"image\/png","source_url":"https:\/\/www.federacaopaulistadefutsal.com.br\/novo\/wp-content\/uploads\/2018\/11\/FEITI\u00c7O-LADO-ESQUERDO-FUNDO-SEGUNDO-HOMEM-TA\u00c7A-1\u00aa-TA\u00c7A-BRASIL-DE-F.S.-1968-800x445.png"},"full":{"file":"FEITI\u00c7O-LADO-ESQUERDO-FUNDO-SEGUNDO-HOMEM-TA\u00c7A-1\u00aa-TA\u00c7A-BRASIL-DE-F.S.-1968.png","width":1884,"height":1420,"mime_type":"image\/png","source_url":"https:\/\/www.federacaopaulistadefutsal.com.br\/novo\/wp-content\/uploads\/2018\/11\/FEITI\u00c7O-LADO-ESQUERDO-FUNDO-SEGUNDO-HOMEM-TA\u00c7A-1\u00aa-TA\u00c7A-BRASIL-DE-F.S.-1968.png"}},"image_meta":{"aperture":"0","credit":"","camera":"","caption":"","created_timestamp":"0","copyright":"","focal_length":"0","iso":"0","shutter_speed":"0","title":"","orientation":"0","keywords":[]}},"post":26553,"source_url":"https:\/\/www.federacaopaulistadefutsal.com.br\/novo\/wp-content\/uploads\/2018\/11\/FEITI\u00c7O-LADO-ESQUERDO-FUNDO-SEGUNDO-HOMEM-TA\u00c7A-1\u00aa-TA\u00c7A-BRASIL-DE-F.S.-1968.png","_links":{"self":[{"href":"https:\/\/www.federacaopaulistadefutsal.com.br\/novo\/wp-json\/wp\/v2\/media\/26563","targetHints":{"allow":["GET"]}}],"collection":[{"href":"https:\/\/www.federacaopaulistadefutsal.com.br\/novo\/wp-json\/wp\/v2\/media"}],"about":[{"href":"https:\/\/www.federacaopaulistadefutsal.com.br\/novo\/wp-json\/wp\/v2\/types\/attachment"}],"author":[{"embeddable":true,"href":"https:\/\/www.federacaopaulistadefutsal.com.br\/novo\/wp-json\/wp\/v2\/users\/2"}],"replies":[{"embeddable":true,"href":"https:\/\/www.federacaopaulistadefutsal.com.br\/novo\/wp-json\/wp\/v2\/comments?post=26563"}],"wp:attached-to":[{"embeddable":true,"post_type":"post","id":26553,"href":"https:\/\/www.federacaopaulistadefutsal.com.br\/novo\/wp-json\/wp\/v2\/posts\/26553"}],"curies":[{"name":"wp","href":"https:\/\/api.w.org\/{rel}","templated":true}]}}

http://www.federacaopaulistadefutsal.com.br/novo/wp-content/uploads/2018/11/FEITIÇO-LADO-ESQUERDO-FUNDO-SEGUNDO-HOMEM-TAÇA-1ª-TAÇA-BRASIL-DE-F.S.-1968.png

FEITIÇO &#8211; LADO ESQUERDO FUNDO &#8211; SEGUNDO HOMEM &#8211; TAÇA- 1ª TAÇA BRASIL DE F.S. &#8211; 1968

<p class="attachment"><a href='https://www.federacaopaulistadefutsal.com.br/novo/wp-content/uploads/2018/11/FEITIÇO-LADO-ESQUERDO-FUNDO-SEGUNDO-HOMEM-TAÇA-1ª-TAÇA-BRASIL-DE-F.S.-1968.png'><img fetchpriority="high" decoding="async" width="300" height="226" src="https://www.federacaopaulistadefutsal.com.br/novo/wp-content/uploads/2018/11/FEITIÇO-LADO-ESQUERDO-FUNDO-SEGUNDO-HOMEM-TAÇA-1ª-TAÇA-BRASIL-DE-F.S.-1968-300x226.png" class="attachment-medium size-medium" alt="" srcset="https://www.federacaopaulistadefutsal.com.br/novo/wp-content/uploads/2018/11/FEITIÇO-LADO-ESQUERDO-FUNDO-SEGUNDO-HOMEM-TAÇA-1ª-TAÇA-BRASIL-DE-F.S.-1968-300x226.png 300w, https://www.federacaopaulistadefutsal.com.br/novo/wp-content/uploads/2018/11/FEITIÇO-LADO-ESQUERDO-FUNDO-SEGUNDO-HOMEM-TAÇA-1ª-TAÇA-BRASIL-DE-F.S.-1968-768x579.png 768w, https://www.federacaopaulistadefutsal.com.br/novo/wp-content/uploads/2018/11/FEITIÇO-LADO-ESQUERDO-FUNDO-SEGUNDO-HOMEM-TAÇA-1ª-TAÇA-BRASIL-DE-F.S.-1968-1024x772.png 1024w, https://www.federacaopaulistadefutsal.com.br/novo/wp-content/uploads/2018/11/FEITIÇO-LADO-ESQUERDO-FUNDO-SEGUNDO-HOMEM-TAÇA-1ª-TAÇA-BRASIL-DE-F.S.-1968.png 1884w" sizes="(max-width: 300px) 100vw, 300px" /></a></p>

2018/11/FEITIÇO-LADO-ESQUERDO-FUNDO-SEGUNDO-HOMEM-TAÇA-1ª-TAÇA-BRASIL-DE-F.S.-1968.png

FEITIÇO-LADO-ESQUERDO-FUNDO-SEGUNDO-HOMEM-TAÇA-1ª-TAÇA-BRASIL-DE-F.S.-1968-150x150.png

https://www.federacaopaulistadefutsal.com.br/novo/wp-content/uploads/2018/11/FEITIÇO-LADO-ESQUERDO-FUNDO-SEGUNDO-HOMEM-TAÇA-1ª-TAÇA-BRASIL-DE-F.S.-1968-150x150.png

FEITIÇO-LADO-ESQUERDO-FUNDO-SEGUNDO-HOMEM-TAÇA-1ª-TAÇA-BRASIL-DE-F.S.-1968-300x226.png

https://www.federacaopaulistadefutsal.com.br/novo/wp-content/uploads/2018/11/FEITIÇO-LADO-ESQUERDO-FUNDO-SEGUNDO-HOMEM-TAÇA-1ª-TAÇA-BRASIL-DE-F.S.-1968-300x226.png

FEITIÇO-LADO-ESQUERDO-FUNDO-SEGUNDO-HOMEM-TAÇA-1ª-TAÇA-BRASIL-DE-F.S.-1968-768x579.png

https://www.federacaopaulistadefutsal.com.br/novo/wp-content/uploads/2018/11/FEITIÇO-LADO-ESQUERDO-FUNDO-SEGUNDO-HOMEM-TAÇA-1ª-TAÇA-BRASIL-DE-F.S.-1968-768x579.png

FEITIÇO-LADO-ESQUERDO-FUNDO-SEGUNDO-HOMEM-TAÇA-1ª-TAÇA-BRASIL-DE-F.S.-1968-1024x772.png

https://www.federacaopaulistadefutsal.com.br/novo/wp-content/uploads/2018/11/FEITIÇO-LADO-ESQUERDO-FUNDO-SEGUNDO-HOMEM-TAÇA-1ª-TAÇA-BRASIL-DE-F.S.-1968-1024x772.png

FEITIÇO-LADO-ESQUERDO-FUNDO-SEGUNDO-HOMEM-TAÇA-1ª-TAÇA-BRASIL-DE-F.S.-1968-392x272.png

https://www.federacaopaulistadefutsal.com.br/novo/wp-content/uploads/2018/11/FEITIÇO-LADO-ESQUERDO-FUNDO-SEGUNDO-HOMEM-TAÇA-1ª-TAÇA-BRASIL-DE-F.S.-1968-392x272.png

FEITIÇO-LADO-ESQUERDO-FUNDO-SEGUNDO-HOMEM-TAÇA-1ª-TAÇA-BRASIL-DE-F.S.-1968-390x205.png

https://www.federacaopaulistadefutsal.com.br/novo/wp-content/uploads/2018/11/FEITIÇO-LADO-ESQUERDO-FUNDO-SEGUNDO-HOMEM-TAÇA-1ª-TAÇA-BRASIL-DE-F.S.-1968-390x205.png

FEITIÇO-LADO-ESQUERDO-FUNDO-SEGUNDO-HOMEM-TAÇA-1ª-TAÇA-BRASIL-DE-F.S.-1968-130x90.png

https://www.federacaopaulistadefutsal.com.br/novo/wp-content/uploads/2018/11/FEITIÇO-LADO-ESQUERDO-FUNDO-SEGUNDO-HOMEM-TAÇA-1ª-TAÇA-BRASIL-DE-F.S.-1968-130x90.png

FEITIÇO-LADO-ESQUERDO-FUNDO-SEGUNDO-HOMEM-TAÇA-1ª-TAÇA-BRASIL-DE-F.S.-1968-800x445.png

https://www.federacaopaulistadefutsal.com.br/novo/wp-content/uploads/2018/11/FEITIÇO-LADO-ESQUERDO-FUNDO-SEGUNDO-HOMEM-TAÇA-1ª-TAÇA-BRASIL-DE-F.S.-1968-800x445.png

FEITIÇO-LADO-ESQUERDO-FUNDO-SEGUNDO-HOMEM-TAÇA-1ª-TAÇA-BRASIL-DE-F.S.-1968.png

https://www.federacaopaulistadefutsal.com.br/novo/wp-content/uploads/2018/11/FEITIÇO-LADO-ESQUERDO-FUNDO-SEGUNDO-HOMEM-TAÇA-1ª-TAÇA-BRASIL-DE-F.S.-1968.png
