{"id":28046,"date":"2019-02-15T00:53:40","date_gmt":"2019-02-15T00:53:40","guid":{"rendered":"http:\/\/www.federacaopaulistadefutsal.com.br\/novo\/wp-content\/uploads\/2019\/02\/4a17a9f0-891b-4e0b-99d9-2b3ec1473361.jpg"},"modified":"2019-02-15T01:15:49","modified_gmt":"2019-02-15T01:15:49","slug":"4a17a9f0-891b-4e0b-99d9-2b3ec1473361","status":"inherit","type":"attachment","link":"https:\/\/www.federacaopaulistadefutsal.com.br\/novo\/onde-tudo-comecou-mae-invadindo-a-quadra-para-defender-o-filho\/4a17a9f0-891b-4e0b-99d9-2b3ec1473361\/","title":{"rendered":"4a17a9f0-891b-4e0b-99d9-2b3ec1473361"},"author":2,"featured_media":0,"comment_status":"open","ping_status":"closed","template":"","meta":[],"class_list":["post-28046","attachment","type-attachment","status-inherit","hentry"],"description":{"rendered":"<p class=\"attachment\"><a href='https:\/\/www.federacaopaulistadefutsal.com.br\/novo\/wp-content\/uploads\/2019\/02\/4a17a9f0-891b-4e0b-99d9-2b3ec1473361.jpg'><img fetchpriority=\"high\" decoding=\"async\" width=\"300\" height=\"169\" src=\"https:\/\/www.federacaopaulistadefutsal.com.br\/novo\/wp-content\/uploads\/2019\/02\/4a17a9f0-891b-4e0b-99d9-2b3ec1473361-300x169.jpg\" class=\"attachment-medium size-medium\" alt=\"\" srcset=\"https:\/\/www.federacaopaulistadefutsal.com.br\/novo\/wp-content\/uploads\/2019\/02\/4a17a9f0-891b-4e0b-99d9-2b3ec1473361-300x169.jpg 300w, https:\/\/www.federacaopaulistadefutsal.com.br\/novo\/wp-content\/uploads\/2019\/02\/4a17a9f0-891b-4e0b-99d9-2b3ec1473361-768x432.jpg 768w, https:\/\/www.federacaopaulistadefutsal.com.br\/novo\/wp-content\/uploads\/2019\/02\/4a17a9f0-891b-4e0b-99d9-2b3ec1473361-1024x576.jpg 1024w, https:\/\/www.federacaopaulistadefutsal.com.br\/novo\/wp-content\/uploads\/2019\/02\/4a17a9f0-891b-4e0b-99d9-2b3ec1473361.jpg 1032w\" sizes=\"(max-width: 300px) 100vw, 300px\" \/><\/a><\/p>\n"},"caption":{"rendered":"<p>Batata \u00e9 o segundo da direita para \u00e0 esquerda em p\u00e9, co, a equipe do Banespa (Foto: arquivo pessoal)<\/p>\n"},"alt_text":"","media_type":"image","mime_type":"image\/jpeg","media_details":{"width":1032,"height":581,"file":"2019\/02\/4a17a9f0-891b-4e0b-99d9-2b3ec1473361.jpg","sizes":{"thumbnail":{"file":"4a17a9f0-891b-4e0b-99d9-2b3ec1473361-150x150.jpg","width":150,"height":150,"mime_type":"image\/jpeg","source_url":"https:\/\/www.federacaopaulistadefutsal.com.br\/novo\/wp-content\/uploads\/2019\/02\/4a17a9f0-891b-4e0b-99d9-2b3ec1473361-150x150.jpg"},"medium":{"file":"4a17a9f0-891b-4e0b-99d9-2b3ec1473361-300x169.jpg","width":300,"height":169,"mime_type":"image\/jpeg","source_url":"https:\/\/www.federacaopaulistadefutsal.com.br\/novo\/wp-content\/uploads\/2019\/02\/4a17a9f0-891b-4e0b-99d9-2b3ec1473361-300x169.jpg"},"medium_large":{"file":"4a17a9f0-891b-4e0b-99d9-2b3ec1473361-768x432.jpg","width":768,"height":432,"mime_type":"image\/jpeg","source_url":"https:\/\/www.federacaopaulistadefutsal.com.br\/novo\/wp-content\/uploads\/2019\/02\/4a17a9f0-891b-4e0b-99d9-2b3ec1473361-768x432.jpg"},"large":{"file":"4a17a9f0-891b-4e0b-99d9-2b3ec1473361-1024x576.jpg","width":1024,"height":576,"mime_type":"image\/jpeg","source_url":"https:\/\/www.federacaopaulistadefutsal.com.br\/novo\/wp-content\/uploads\/2019\/02\/4a17a9f0-891b-4e0b-99d9-2b3ec1473361-1024x576.jpg"},"colormag-highlighted-post":{"file":"4a17a9f0-891b-4e0b-99d9-2b3ec1473361-392x272.jpg","width":392,"height":272,"mime_type":"image\/jpeg","source_url":"https:\/\/www.federacaopaulistadefutsal.com.br\/novo\/wp-content\/uploads\/2019\/02\/4a17a9f0-891b-4e0b-99d9-2b3ec1473361-392x272.jpg"},"colormag-featured-post-medium":{"file":"4a17a9f0-891b-4e0b-99d9-2b3ec1473361-390x205.jpg","width":390,"height":205,"mime_type":"image\/jpeg","source_url":"https:\/\/www.federacaopaulistadefutsal.com.br\/novo\/wp-content\/uploads\/2019\/02\/4a17a9f0-891b-4e0b-99d9-2b3ec1473361-390x205.jpg"},"colormag-featured-post-small":{"file":"4a17a9f0-891b-4e0b-99d9-2b3ec1473361-130x90.jpg","width":130,"height":90,"mime_type":"image\/jpeg","source_url":"https:\/\/www.federacaopaulistadefutsal.com.br\/novo\/wp-content\/uploads\/2019\/02\/4a17a9f0-891b-4e0b-99d9-2b3ec1473361-130x90.jpg"},"colormag-featured-image":{"file":"4a17a9f0-891b-4e0b-99d9-2b3ec1473361-800x445.jpg","width":800,"height":445,"mime_type":"image\/jpeg","source_url":"https:\/\/www.federacaopaulistadefutsal.com.br\/novo\/wp-content\/uploads\/2019\/02\/4a17a9f0-891b-4e0b-99d9-2b3ec1473361-800x445.jpg"},"full":{"file":"4a17a9f0-891b-4e0b-99d9-2b3ec1473361.jpg","width":1032,"height":581,"mime_type":"image\/jpeg","source_url":"https:\/\/www.federacaopaulistadefutsal.com.br\/novo\/wp-content\/uploads\/2019\/02\/4a17a9f0-891b-4e0b-99d9-2b3ec1473361.jpg"}},"image_meta":{"aperture":"0","credit":"","camera":"","caption":"","created_timestamp":"0","copyright":"","focal_length":"0","iso":"0","shutter_speed":"0","title":"","orientation":"0","keywords":[]}},"post":28044,"source_url":"https:\/\/www.federacaopaulistadefutsal.com.br\/novo\/wp-content\/uploads\/2019\/02\/4a17a9f0-891b-4e0b-99d9-2b3ec1473361.jpg","_links":{"self":[{"href":"https:\/\/www.federacaopaulistadefutsal.com.br\/novo\/wp-json\/wp\/v2\/media\/28046","targetHints":{"allow":["GET"]}}],"collection":[{"href":"https:\/\/www.federacaopaulistadefutsal.com.br\/novo\/wp-json\/wp\/v2\/media"}],"about":[{"href":"https:\/\/www.federacaopaulistadefutsal.com.br\/novo\/wp-json\/wp\/v2\/types\/attachment"}],"author":[{"embeddable":true,"href":"https:\/\/www.federacaopaulistadefutsal.com.br\/novo\/wp-json\/wp\/v2\/users\/2"}],"replies":[{"embeddable":true,"href":"https:\/\/www.federacaopaulistadefutsal.com.br\/novo\/wp-json\/wp\/v2\/comments?post=28046"}],"wp:attached-to":[{"embeddable":true,"post_type":"post","id":28044,"href":"https:\/\/www.federacaopaulistadefutsal.com.br\/novo\/wp-json\/wp\/v2\/posts\/28044"}],"curies":[{"name":"wp","href":"https:\/\/api.w.org\/{rel}","templated":true}]}}

<p>Batata é o segundo da direita para à esquerda em pé, co, a equipe do Banespa (Foto: arquivo pessoal)</p>
