{"id":28047,"date":"2019-02-15T00:57:23","date_gmt":"2019-02-15T00:57:23","guid":{"rendered":"http:\/\/www.federacaopaulistadefutsal.com.br\/novo\/wp-content\/uploads\/2019\/02\/5436ef54-1082-4d25-80e3-ea59467491ba.jpg"},"modified":"2019-02-15T00:57:34","modified_gmt":"2019-02-15T00:57:34","slug":"5436ef54-1082-4d25-80e3-ea59467491ba","status":"inherit","type":"attachment","link":"https:\/\/www.federacaopaulistadefutsal.com.br\/novo\/onde-tudo-comecou-mae-invadindo-a-quadra-para-defender-o-filho\/5436ef54-1082-4d25-80e3-ea59467491ba\/","title":{"rendered":"5436ef54-1082-4d25-80e3-ea59467491ba"},"author":2,"featured_media":0,"comment_status":"open","ping_status":"closed","template":"","meta":[],"class_list":["post-28047","attachment","type-attachment","status-inherit","hentry"],"description":{"rendered":"<p class=\"attachment\"><a href='https:\/\/www.federacaopaulistadefutsal.com.br\/novo\/wp-content\/uploads\/2019\/02\/5436ef54-1082-4d25-80e3-ea59467491ba.jpg'><img fetchpriority=\"high\" decoding=\"async\" width=\"169\" height=\"300\" src=\"https:\/\/www.federacaopaulistadefutsal.com.br\/novo\/wp-content\/uploads\/2019\/02\/5436ef54-1082-4d25-80e3-ea59467491ba-169x300.jpg\" class=\"attachment-medium size-medium\" alt=\"\" srcset=\"https:\/\/www.federacaopaulistadefutsal.com.br\/novo\/wp-content\/uploads\/2019\/02\/5436ef54-1082-4d25-80e3-ea59467491ba-169x300.jpg 169w, https:\/\/www.federacaopaulistadefutsal.com.br\/novo\/wp-content\/uploads\/2019\/02\/5436ef54-1082-4d25-80e3-ea59467491ba-576x1024.jpg 576w, https:\/\/www.federacaopaulistadefutsal.com.br\/novo\/wp-content\/uploads\/2019\/02\/5436ef54-1082-4d25-80e3-ea59467491ba.jpg 581w\" sizes=\"(max-width: 169px) 100vw, 169px\" \/><\/a><\/p>\n"},"caption":{"rendered":"<p>Camoe\u00e3o brasileiro universit\u00e1rio 1995 fortaleza como t\u00e9cnico agachado<\/p>\n"},"alt_text":"","media_type":"image","mime_type":"image\/jpeg","media_details":{"width":581,"height":1032,"file":"2019\/02\/5436ef54-1082-4d25-80e3-ea59467491ba.jpg","sizes":{"thumbnail":{"file":"5436ef54-1082-4d25-80e3-ea59467491ba-150x150.jpg","width":150,"height":150,"mime_type":"image\/jpeg","source_url":"https:\/\/www.federacaopaulistadefutsal.com.br\/novo\/wp-content\/uploads\/2019\/02\/5436ef54-1082-4d25-80e3-ea59467491ba-150x150.jpg"},"medium":{"file":"5436ef54-1082-4d25-80e3-ea59467491ba-169x300.jpg","width":169,"height":300,"mime_type":"image\/jpeg","source_url":"https:\/\/www.federacaopaulistadefutsal.com.br\/novo\/wp-content\/uploads\/2019\/02\/5436ef54-1082-4d25-80e3-ea59467491ba-169x300.jpg"},"large":{"file":"5436ef54-1082-4d25-80e3-ea59467491ba-576x1024.jpg","width":576,"height":1024,"mime_type":"image\/jpeg","source_url":"https:\/\/www.federacaopaulistadefutsal.com.br\/novo\/wp-content\/uploads\/2019\/02\/5436ef54-1082-4d25-80e3-ea59467491ba-576x1024.jpg"},"colormag-highlighted-post":{"file":"5436ef54-1082-4d25-80e3-ea59467491ba-392x272.jpg","width":392,"height":272,"mime_type":"image\/jpeg","source_url":"https:\/\/www.federacaopaulistadefutsal.com.br\/novo\/wp-content\/uploads\/2019\/02\/5436ef54-1082-4d25-80e3-ea59467491ba-392x272.jpg"},"colormag-featured-post-medium":{"file":"5436ef54-1082-4d25-80e3-ea59467491ba-390x205.jpg","width":390,"height":205,"mime_type":"image\/jpeg","source_url":"https:\/\/www.federacaopaulistadefutsal.com.br\/novo\/wp-content\/uploads\/2019\/02\/5436ef54-1082-4d25-80e3-ea59467491ba-390x205.jpg"},"colormag-featured-post-small":{"file":"5436ef54-1082-4d25-80e3-ea59467491ba-130x90.jpg","width":130,"height":90,"mime_type":"image\/jpeg","source_url":"https:\/\/www.federacaopaulistadefutsal.com.br\/novo\/wp-content\/uploads\/2019\/02\/5436ef54-1082-4d25-80e3-ea59467491ba-130x90.jpg"},"colormag-featured-image":{"file":"5436ef54-1082-4d25-80e3-ea59467491ba-581x445.jpg","width":581,"height":445,"mime_type":"image\/jpeg","source_url":"https:\/\/www.federacaopaulistadefutsal.com.br\/novo\/wp-content\/uploads\/2019\/02\/5436ef54-1082-4d25-80e3-ea59467491ba-581x445.jpg"},"full":{"file":"5436ef54-1082-4d25-80e3-ea59467491ba.jpg","width":581,"height":1032,"mime_type":"image\/jpeg","source_url":"https:\/\/www.federacaopaulistadefutsal.com.br\/novo\/wp-content\/uploads\/2019\/02\/5436ef54-1082-4d25-80e3-ea59467491ba.jpg"}},"image_meta":{"aperture":"0","credit":"","camera":"","caption":"","created_timestamp":"0","copyright":"","focal_length":"0","iso":"0","shutter_speed":"0","title":"","orientation":"0","keywords":[]}},"post":28044,"source_url":"https:\/\/www.federacaopaulistadefutsal.com.br\/novo\/wp-content\/uploads\/2019\/02\/5436ef54-1082-4d25-80e3-ea59467491ba.jpg","_links":{"self":[{"href":"https:\/\/www.federacaopaulistadefutsal.com.br\/novo\/wp-json\/wp\/v2\/media\/28047","targetHints":{"allow":["GET"]}}],"collection":[{"href":"https:\/\/www.federacaopaulistadefutsal.com.br\/novo\/wp-json\/wp\/v2\/media"}],"about":[{"href":"https:\/\/www.federacaopaulistadefutsal.com.br\/novo\/wp-json\/wp\/v2\/types\/attachment"}],"author":[{"embeddable":true,"href":"https:\/\/www.federacaopaulistadefutsal.com.br\/novo\/wp-json\/wp\/v2\/users\/2"}],"replies":[{"embeddable":true,"href":"https:\/\/www.federacaopaulistadefutsal.com.br\/novo\/wp-json\/wp\/v2\/comments?post=28047"}],"wp:attached-to":[{"embeddable":true,"post_type":"post","id":28044,"href":"https:\/\/www.federacaopaulistadefutsal.com.br\/novo\/wp-json\/wp\/v2\/posts\/28044"}],"curies":[{"name":"wp","href":"https:\/\/api.w.org\/{rel}","templated":true}]}}

<p>Camoeão brasileiro universitário 1995 fortaleza como técnico agachado</p>
