{"id":28051,"date":"2019-02-15T01:06:10","date_gmt":"2019-02-15T01:06:10","guid":{"rendered":"http:\/\/www.federacaopaulistadefutsal.com.br\/novo\/wp-content\/uploads\/2019\/02\/555555.jpg"},"modified":"2019-02-15T01:14:57","modified_gmt":"2019-02-15T01:14:57","slug":"555555","status":"inherit","type":"attachment","link":"https:\/\/www.federacaopaulistadefutsal.com.br\/novo\/onde-tudo-comecou-mae-invadindo-a-quadra-para-defender-o-filho\/attachment\/555555\/","title":{"rendered":"555555"},"author":2,"featured_media":0,"comment_status":"open","ping_status":"closed","template":"","meta":[],"class_list":["post-28051","attachment","type-attachment","status-inherit","hentry"],"description":{"rendered":"<p class=\"attachment\"><a href='https:\/\/www.federacaopaulistadefutsal.com.br\/novo\/wp-content\/uploads\/2019\/02\/555555.jpg'><img fetchpriority=\"high\" decoding=\"async\" width=\"300\" height=\"180\" src=\"https:\/\/www.federacaopaulistadefutsal.com.br\/novo\/wp-content\/uploads\/2019\/02\/555555-300x180.jpg\" class=\"attachment-medium size-medium\" alt=\"\" srcset=\"https:\/\/www.federacaopaulistadefutsal.com.br\/novo\/wp-content\/uploads\/2019\/02\/555555-300x180.jpg 300w, https:\/\/www.federacaopaulistadefutsal.com.br\/novo\/wp-content\/uploads\/2019\/02\/555555-768x461.jpg 768w, https:\/\/www.federacaopaulistadefutsal.com.br\/novo\/wp-content\/uploads\/2019\/02\/555555-1024x614.jpg 1024w, https:\/\/www.federacaopaulistadefutsal.com.br\/novo\/wp-content\/uploads\/2019\/02\/555555.jpg 1279w\" sizes=\"(max-width: 300px) 100vw, 300px\" \/><\/a><\/p>\n"},"caption":{"rendered":"<p>Time da Transbrasil em 1986, Batata \u00e9 o primeiro agachado da direita para \u00e0 esquerda. O ex-atleta atuou com Miral e Banz\u00e9. (Foto: arquivo pessoal)<\/p>\n"},"alt_text":"","media_type":"image","mime_type":"image\/jpeg","media_details":{"width":1279,"height":767,"file":"2019\/02\/555555.jpg","sizes":{"thumbnail":{"file":"555555-150x150.jpg","width":150,"height":150,"mime_type":"image\/jpeg","source_url":"https:\/\/www.federacaopaulistadefutsal.com.br\/novo\/wp-content\/uploads\/2019\/02\/555555-150x150.jpg"},"medium":{"file":"555555-300x180.jpg","width":300,"height":180,"mime_type":"image\/jpeg","source_url":"https:\/\/www.federacaopaulistadefutsal.com.br\/novo\/wp-content\/uploads\/2019\/02\/555555-300x180.jpg"},"medium_large":{"file":"555555-768x461.jpg","width":768,"height":461,"mime_type":"image\/jpeg","source_url":"https:\/\/www.federacaopaulistadefutsal.com.br\/novo\/wp-content\/uploads\/2019\/02\/555555-768x461.jpg"},"large":{"file":"555555-1024x614.jpg","width":1024,"height":614,"mime_type":"image\/jpeg","source_url":"https:\/\/www.federacaopaulistadefutsal.com.br\/novo\/wp-content\/uploads\/2019\/02\/555555-1024x614.jpg"},"colormag-highlighted-post":{"file":"555555-392x272.jpg","width":392,"height":272,"mime_type":"image\/jpeg","source_url":"https:\/\/www.federacaopaulistadefutsal.com.br\/novo\/wp-content\/uploads\/2019\/02\/555555-392x272.jpg"},"colormag-featured-post-medium":{"file":"555555-390x205.jpg","width":390,"height":205,"mime_type":"image\/jpeg","source_url":"https:\/\/www.federacaopaulistadefutsal.com.br\/novo\/wp-content\/uploads\/2019\/02\/555555-390x205.jpg"},"colormag-featured-post-small":{"file":"555555-130x90.jpg","width":130,"height":90,"mime_type":"image\/jpeg","source_url":"https:\/\/www.federacaopaulistadefutsal.com.br\/novo\/wp-content\/uploads\/2019\/02\/555555-130x90.jpg"},"colormag-featured-image":{"file":"555555-800x445.jpg","width":800,"height":445,"mime_type":"image\/jpeg","source_url":"https:\/\/www.federacaopaulistadefutsal.com.br\/novo\/wp-content\/uploads\/2019\/02\/555555-800x445.jpg"},"full":{"file":"555555.jpg","width":1279,"height":767,"mime_type":"image\/jpeg","source_url":"https:\/\/www.federacaopaulistadefutsal.com.br\/novo\/wp-content\/uploads\/2019\/02\/555555.jpg"}},"image_meta":{"aperture":"0","credit":"","camera":"","caption":"","created_timestamp":"0","copyright":"","focal_length":"0","iso":"0","shutter_speed":"0","title":"","orientation":"0","keywords":[]}},"post":28044,"source_url":"https:\/\/www.federacaopaulistadefutsal.com.br\/novo\/wp-content\/uploads\/2019\/02\/555555.jpg","_links":{"self":[{"href":"https:\/\/www.federacaopaulistadefutsal.com.br\/novo\/wp-json\/wp\/v2\/media\/28051","targetHints":{"allow":["GET"]}}],"collection":[{"href":"https:\/\/www.federacaopaulistadefutsal.com.br\/novo\/wp-json\/wp\/v2\/media"}],"about":[{"href":"https:\/\/www.federacaopaulistadefutsal.com.br\/novo\/wp-json\/wp\/v2\/types\/attachment"}],"author":[{"embeddable":true,"href":"https:\/\/www.federacaopaulistadefutsal.com.br\/novo\/wp-json\/wp\/v2\/users\/2"}],"replies":[{"embeddable":true,"href":"https:\/\/www.federacaopaulistadefutsal.com.br\/novo\/wp-json\/wp\/v2\/comments?post=28051"}],"wp:attached-to":[{"embeddable":true,"post_type":"post","id":28044,"href":"https:\/\/www.federacaopaulistadefutsal.com.br\/novo\/wp-json\/wp\/v2\/posts\/28044"}],"curies":[{"name":"wp","href":"https:\/\/api.w.org\/{rel}","templated":true}]}}

<p>Time da Transbrasil em 1986, Batata é o primeiro agachado da direita para à esquerda. O ex-atleta atuou com Miral e Banzé. (Foto: arquivo pessoal)</p>
