{"id":28052,"date":"2019-02-15T01:08:35","date_gmt":"2019-02-15T01:08:35","guid":{"rendered":"http:\/\/www.federacaopaulistadefutsal.com.br\/novo\/wp-content\/uploads\/2019\/02\/c\u00f3pia.jpg"},"modified":"2019-02-15T01:11:49","modified_gmt":"2019-02-15T01:11:49","slug":"copia","status":"inherit","type":"attachment","link":"https:\/\/www.federacaopaulistadefutsal.com.br\/novo\/onde-tudo-comecou-mae-invadindo-a-quadra-para-defender-o-filho\/copia\/","title":{"rendered":"c\u00f3pia"},"author":2,"featured_media":0,"comment_status":"open","ping_status":"closed","template":"","meta":[],"class_list":["post-28052","attachment","type-attachment","status-inherit","hentry"],"description":{"rendered":"<p class=\"attachment\"><a href='https:\/\/www.federacaopaulistadefutsal.com.br\/novo\/wp-content\/uploads\/2019\/02\/c\u00f3pia.jpg'><img fetchpriority=\"high\" decoding=\"async\" width=\"169\" height=\"300\" src=\"https:\/\/www.federacaopaulistadefutsal.com.br\/novo\/wp-content\/uploads\/2019\/02\/c\u00f3pia-169x300.jpg\" class=\"attachment-medium size-medium\" alt=\"\" srcset=\"https:\/\/www.federacaopaulistadefutsal.com.br\/novo\/wp-content\/uploads\/2019\/02\/c\u00f3pia-169x300.jpg 169w, https:\/\/www.federacaopaulistadefutsal.com.br\/novo\/wp-content\/uploads\/2019\/02\/c\u00f3pia-576x1024.jpg 576w, https:\/\/www.federacaopaulistadefutsal.com.br\/novo\/wp-content\/uploads\/2019\/02\/c\u00f3pia.jpg 581w\" sizes=\"(max-width: 169px) 100vw, 169px\" \/><\/a><\/p>\n"},"caption":{"rendered":"<p>Batata tamb\u00e9m se aventurou no futebol de campo, e, 1981, no  j\u00fanior do S\u00e3o Paulo F.C. (Foto: arquivo pessoal)<\/p>\n"},"alt_text":"","media_type":"image","mime_type":"image\/jpeg","media_details":{"width":581,"height":1032,"file":"2019\/02\/c\u00f3pia.jpg","sizes":{"thumbnail":{"file":"c\u00f3pia-150x150.jpg","width":150,"height":150,"mime_type":"image\/jpeg","source_url":"https:\/\/www.federacaopaulistadefutsal.com.br\/novo\/wp-content\/uploads\/2019\/02\/c\u00f3pia-150x150.jpg"},"medium":{"file":"c\u00f3pia-169x300.jpg","width":169,"height":300,"mime_type":"image\/jpeg","source_url":"https:\/\/www.federacaopaulistadefutsal.com.br\/novo\/wp-content\/uploads\/2019\/02\/c\u00f3pia-169x300.jpg"},"large":{"file":"c\u00f3pia-576x1024.jpg","width":576,"height":1024,"mime_type":"image\/jpeg","source_url":"https:\/\/www.federacaopaulistadefutsal.com.br\/novo\/wp-content\/uploads\/2019\/02\/c\u00f3pia-576x1024.jpg"},"colormag-highlighted-post":{"file":"c\u00f3pia-392x272.jpg","width":392,"height":272,"mime_type":"image\/jpeg","source_url":"https:\/\/www.federacaopaulistadefutsal.com.br\/novo\/wp-content\/uploads\/2019\/02\/c\u00f3pia-392x272.jpg"},"colormag-featured-post-medium":{"file":"c\u00f3pia-390x205.jpg","width":390,"height":205,"mime_type":"image\/jpeg","source_url":"https:\/\/www.federacaopaulistadefutsal.com.br\/novo\/wp-content\/uploads\/2019\/02\/c\u00f3pia-390x205.jpg"},"colormag-featured-post-small":{"file":"c\u00f3pia-130x90.jpg","width":130,"height":90,"mime_type":"image\/jpeg","source_url":"https:\/\/www.federacaopaulistadefutsal.com.br\/novo\/wp-content\/uploads\/2019\/02\/c\u00f3pia-130x90.jpg"},"colormag-featured-image":{"file":"c\u00f3pia-581x445.jpg","width":581,"height":445,"mime_type":"image\/jpeg","source_url":"https:\/\/www.federacaopaulistadefutsal.com.br\/novo\/wp-content\/uploads\/2019\/02\/c\u00f3pia-581x445.jpg"},"full":{"file":"c\u00f3pia.jpg","width":581,"height":1032,"mime_type":"image\/jpeg","source_url":"https:\/\/www.federacaopaulistadefutsal.com.br\/novo\/wp-content\/uploads\/2019\/02\/c\u00f3pia.jpg"}},"image_meta":{"aperture":"0","credit":"","camera":"","caption":"","created_timestamp":"0","copyright":"","focal_length":"0","iso":"0","shutter_speed":"0","title":"","orientation":"0","keywords":[]}},"post":28044,"source_url":"https:\/\/www.federacaopaulistadefutsal.com.br\/novo\/wp-content\/uploads\/2019\/02\/c\u00f3pia.jpg","_links":{"self":[{"href":"https:\/\/www.federacaopaulistadefutsal.com.br\/novo\/wp-json\/wp\/v2\/media\/28052","targetHints":{"allow":["GET"]}}],"collection":[{"href":"https:\/\/www.federacaopaulistadefutsal.com.br\/novo\/wp-json\/wp\/v2\/media"}],"about":[{"href":"https:\/\/www.federacaopaulistadefutsal.com.br\/novo\/wp-json\/wp\/v2\/types\/attachment"}],"author":[{"embeddable":true,"href":"https:\/\/www.federacaopaulistadefutsal.com.br\/novo\/wp-json\/wp\/v2\/users\/2"}],"replies":[{"embeddable":true,"href":"https:\/\/www.federacaopaulistadefutsal.com.br\/novo\/wp-json\/wp\/v2\/comments?post=28052"}],"wp:attached-to":[{"embeddable":true,"post_type":"post","id":28044,"href":"https:\/\/www.federacaopaulistadefutsal.com.br\/novo\/wp-json\/wp\/v2\/posts\/28044"}],"curies":[{"name":"wp","href":"https:\/\/api.w.org\/{rel}","templated":true}]}}

http://www.federacaopaulistadefutsal.com.br/novo/wp-content/uploads/2019/02/cópia.jpg

cópia

<p class="attachment"><a href='https://www.federacaopaulistadefutsal.com.br/novo/wp-content/uploads/2019/02/cópia.jpg'><img fetchpriority="high" decoding="async" width="169" height="300" src="https://www.federacaopaulistadefutsal.com.br/novo/wp-content/uploads/2019/02/cópia-169x300.jpg" class="attachment-medium size-medium" alt="" srcset="https://www.federacaopaulistadefutsal.com.br/novo/wp-content/uploads/2019/02/cópia-169x300.jpg 169w, https://www.federacaopaulistadefutsal.com.br/novo/wp-content/uploads/2019/02/cópia-576x1024.jpg 576w, https://www.federacaopaulistadefutsal.com.br/novo/wp-content/uploads/2019/02/cópia.jpg 581w" sizes="(max-width: 169px) 100vw, 169px" /></a></p>

<p>Batata também se aventurou no futebol de campo, e, 1981, no  júnior do São Paulo F.C. (Foto: arquivo pessoal)</p>

2019/02/cópia.jpg

cópia-150x150.jpg

https://www.federacaopaulistadefutsal.com.br/novo/wp-content/uploads/2019/02/cópia-150x150.jpg

cópia-169x300.jpg

https://www.federacaopaulistadefutsal.com.br/novo/wp-content/uploads/2019/02/cópia-169x300.jpg

cópia-576x1024.jpg

https://www.federacaopaulistadefutsal.com.br/novo/wp-content/uploads/2019/02/cópia-576x1024.jpg

cópia-392x272.jpg

https://www.federacaopaulistadefutsal.com.br/novo/wp-content/uploads/2019/02/cópia-392x272.jpg

cópia-390x205.jpg

https://www.federacaopaulistadefutsal.com.br/novo/wp-content/uploads/2019/02/cópia-390x205.jpg

cópia-130x90.jpg

https://www.federacaopaulistadefutsal.com.br/novo/wp-content/uploads/2019/02/cópia-130x90.jpg

cópia-581x445.jpg

https://www.federacaopaulistadefutsal.com.br/novo/wp-content/uploads/2019/02/cópia-581x445.jpg

cópia.jpg

https://www.federacaopaulistadefutsal.com.br/novo/wp-content/uploads/2019/02/cópia.jpg
