{"id":34180,"date":"2021-08-20T20:18:43","date_gmt":"2021-08-20T20:18:43","guid":{"rendered":"http:\/\/www.federacaopaulistadefutsal.com.br\/novo\/wp-content\/uploads\/2021\/08\/INCLUS\u00c3O-S\u00e9rie-a3-capa-site-Recuperado-capa.jpg"},"modified":"2021-08-20T20:18:43","modified_gmt":"2021-08-20T20:18:43","slug":"inclusao-serie-a3-capa-site-recuperado-capa","status":"inherit","type":"attachment","link":"https:\/\/www.federacaopaulistadefutsal.com.br\/novo\/campeonato-paulista-iniciacao-2021-com-a-participacao-de-44-equipes-inicia-o-maior-campeonato-realizado-pela-fpfs\/inclusao-serie-a3-capa-site-recuperado-capa\/","title":{"rendered":"INCLUS\u00c3O&#8211;S\u00e9rie-a3&#8212;capa-site-[Recuperado]-capa"},"author":2,"featured_media":0,"comment_status":"open","ping_status":"closed","template":"","meta":[],"class_list":["post-34180","attachment","type-attachment","status-inherit","hentry"],"description":{"rendered":"<p class=\"attachment\"><a href='https:\/\/www.federacaopaulistadefutsal.com.br\/novo\/wp-content\/uploads\/2021\/08\/INCLUS\u00c3O-S\u00e9rie-a3-capa-site-Recuperado-capa.jpg'><img fetchpriority=\"high\" decoding=\"async\" width=\"300\" height=\"168\" src=\"https:\/\/www.federacaopaulistadefutsal.com.br\/novo\/wp-content\/uploads\/2021\/08\/INCLUS\u00c3O-S\u00e9rie-a3-capa-site-Recuperado-capa-300x168.jpg\" class=\"attachment-medium size-medium\" alt=\"\" srcset=\"https:\/\/www.federacaopaulistadefutsal.com.br\/novo\/wp-content\/uploads\/2021\/08\/INCLUS\u00c3O-S\u00e9rie-a3-capa-site-Recuperado-capa-300x168.jpg 300w, https:\/\/www.federacaopaulistadefutsal.com.br\/novo\/wp-content\/uploads\/2021\/08\/INCLUS\u00c3O-S\u00e9rie-a3-capa-site-Recuperado-capa-768x430.jpg 768w, https:\/\/www.federacaopaulistadefutsal.com.br\/novo\/wp-content\/uploads\/2021\/08\/INCLUS\u00c3O-S\u00e9rie-a3-capa-site-Recuperado-capa.jpg 799w\" sizes=\"(max-width: 300px) 100vw, 300px\" \/><\/a><\/p>\n"},"caption":{"rendered":""},"alt_text":"","media_type":"image","mime_type":"image\/jpeg","media_details":{"width":799,"height":447,"file":"2021\/08\/INCLUS\u00c3O-S\u00e9rie-a3-capa-site-Recuperado-capa.jpg","sizes":{"thumbnail":{"file":"INCLUS\u00c3O-S\u00e9rie-a3-capa-site-Recuperado-capa-150x150.jpg","width":150,"height":150,"mime_type":"image\/jpeg","source_url":"https:\/\/www.federacaopaulistadefutsal.com.br\/novo\/wp-content\/uploads\/2021\/08\/INCLUS\u00c3O-S\u00e9rie-a3-capa-site-Recuperado-capa-150x150.jpg"},"medium":{"file":"INCLUS\u00c3O-S\u00e9rie-a3-capa-site-Recuperado-capa-300x168.jpg","width":300,"height":168,"mime_type":"image\/jpeg","source_url":"https:\/\/www.federacaopaulistadefutsal.com.br\/novo\/wp-content\/uploads\/2021\/08\/INCLUS\u00c3O-S\u00e9rie-a3-capa-site-Recuperado-capa-300x168.jpg"},"medium_large":{"file":"INCLUS\u00c3O-S\u00e9rie-a3-capa-site-Recuperado-capa-768x430.jpg","width":768,"height":430,"mime_type":"image\/jpeg","source_url":"https:\/\/www.federacaopaulistadefutsal.com.br\/novo\/wp-content\/uploads\/2021\/08\/INCLUS\u00c3O-S\u00e9rie-a3-capa-site-Recuperado-capa-768x430.jpg"},"colormag-highlighted-post":{"file":"INCLUS\u00c3O-S\u00e9rie-a3-capa-site-Recuperado-capa-392x272.jpg","width":392,"height":272,"mime_type":"image\/jpeg","source_url":"https:\/\/www.federacaopaulistadefutsal.com.br\/novo\/wp-content\/uploads\/2021\/08\/INCLUS\u00c3O-S\u00e9rie-a3-capa-site-Recuperado-capa-392x272.jpg"},"colormag-featured-post-medium":{"file":"INCLUS\u00c3O-S\u00e9rie-a3-capa-site-Recuperado-capa-390x205.jpg","width":390,"height":205,"mime_type":"image\/jpeg","source_url":"https:\/\/www.federacaopaulistadefutsal.com.br\/novo\/wp-content\/uploads\/2021\/08\/INCLUS\u00c3O-S\u00e9rie-a3-capa-site-Recuperado-capa-390x205.jpg"},"colormag-featured-post-small":{"file":"INCLUS\u00c3O-S\u00e9rie-a3-capa-site-Recuperado-capa-130x90.jpg","width":130,"height":90,"mime_type":"image\/jpeg","source_url":"https:\/\/www.federacaopaulistadefutsal.com.br\/novo\/wp-content\/uploads\/2021\/08\/INCLUS\u00c3O-S\u00e9rie-a3-capa-site-Recuperado-capa-130x90.jpg"},"colormag-featured-image":{"file":"INCLUS\u00c3O-S\u00e9rie-a3-capa-site-Recuperado-capa-799x445.jpg","width":799,"height":445,"mime_type":"image\/jpeg","source_url":"https:\/\/www.federacaopaulistadefutsal.com.br\/novo\/wp-content\/uploads\/2021\/08\/INCLUS\u00c3O-S\u00e9rie-a3-capa-site-Recuperado-capa-799x445.jpg"},"full":{"file":"INCLUS\u00c3O-S\u00e9rie-a3-capa-site-Recuperado-capa.jpg","width":799,"height":447,"mime_type":"image\/jpeg","source_url":"https:\/\/www.federacaopaulistadefutsal.com.br\/novo\/wp-content\/uploads\/2021\/08\/INCLUS\u00c3O-S\u00e9rie-a3-capa-site-Recuperado-capa.jpg"}},"image_meta":{"aperture":"0","credit":"","camera":"","caption":"","created_timestamp":"0","copyright":"","focal_length":"0","iso":"0","shutter_speed":"0","title":"","orientation":"0","keywords":[]}},"post":34160,"source_url":"https:\/\/www.federacaopaulistadefutsal.com.br\/novo\/wp-content\/uploads\/2021\/08\/INCLUS\u00c3O-S\u00e9rie-a3-capa-site-Recuperado-capa.jpg","_links":{"self":[{"href":"https:\/\/www.federacaopaulistadefutsal.com.br\/novo\/wp-json\/wp\/v2\/media\/34180","targetHints":{"allow":["GET"]}}],"collection":[{"href":"https:\/\/www.federacaopaulistadefutsal.com.br\/novo\/wp-json\/wp\/v2\/media"}],"about":[{"href":"https:\/\/www.federacaopaulistadefutsal.com.br\/novo\/wp-json\/wp\/v2\/types\/attachment"}],"author":[{"embeddable":true,"href":"https:\/\/www.federacaopaulistadefutsal.com.br\/novo\/wp-json\/wp\/v2\/users\/2"}],"replies":[{"embeddable":true,"href":"https:\/\/www.federacaopaulistadefutsal.com.br\/novo\/wp-json\/wp\/v2\/comments?post=34180"}],"wp:attached-to":[{"embeddable":true,"post_type":"post","id":34160,"href":"https:\/\/www.federacaopaulistadefutsal.com.br\/novo\/wp-json\/wp\/v2\/posts\/34160"}],"curies":[{"name":"wp","href":"https:\/\/api.w.org\/{rel}","templated":true}]}}

http://www.federacaopaulistadefutsal.com.br/novo/wp-content/uploads/2021/08/INCLUSÃO-Série-a3-capa-site-Recuperado-capa.jpg

INCLUSÃO&#8211;Série-a3&#8212;capa-site-[Recuperado]-capa

<p class="attachment"><a href='https://www.federacaopaulistadefutsal.com.br/novo/wp-content/uploads/2021/08/INCLUSÃO-Série-a3-capa-site-Recuperado-capa.jpg'><img fetchpriority="high" decoding="async" width="300" height="168" src="https://www.federacaopaulistadefutsal.com.br/novo/wp-content/uploads/2021/08/INCLUSÃO-Série-a3-capa-site-Recuperado-capa-300x168.jpg" class="attachment-medium size-medium" alt="" srcset="https://www.federacaopaulistadefutsal.com.br/novo/wp-content/uploads/2021/08/INCLUSÃO-Série-a3-capa-site-Recuperado-capa-300x168.jpg 300w, https://www.federacaopaulistadefutsal.com.br/novo/wp-content/uploads/2021/08/INCLUSÃO-Série-a3-capa-site-Recuperado-capa-768x430.jpg 768w, https://www.federacaopaulistadefutsal.com.br/novo/wp-content/uploads/2021/08/INCLUSÃO-Série-a3-capa-site-Recuperado-capa.jpg 799w" sizes="(max-width: 300px) 100vw, 300px" /></a></p>

2021/08/INCLUSÃO-Série-a3-capa-site-Recuperado-capa.jpg

INCLUSÃO-Série-a3-capa-site-Recuperado-capa-150x150.jpg

https://www.federacaopaulistadefutsal.com.br/novo/wp-content/uploads/2021/08/INCLUSÃO-Série-a3-capa-site-Recuperado-capa-150x150.jpg

INCLUSÃO-Série-a3-capa-site-Recuperado-capa-300x168.jpg

https://www.federacaopaulistadefutsal.com.br/novo/wp-content/uploads/2021/08/INCLUSÃO-Série-a3-capa-site-Recuperado-capa-300x168.jpg

INCLUSÃO-Série-a3-capa-site-Recuperado-capa-768x430.jpg

https://www.federacaopaulistadefutsal.com.br/novo/wp-content/uploads/2021/08/INCLUSÃO-Série-a3-capa-site-Recuperado-capa-768x430.jpg

INCLUSÃO-Série-a3-capa-site-Recuperado-capa-392x272.jpg

https://www.federacaopaulistadefutsal.com.br/novo/wp-content/uploads/2021/08/INCLUSÃO-Série-a3-capa-site-Recuperado-capa-392x272.jpg

INCLUSÃO-Série-a3-capa-site-Recuperado-capa-390x205.jpg

https://www.federacaopaulistadefutsal.com.br/novo/wp-content/uploads/2021/08/INCLUSÃO-Série-a3-capa-site-Recuperado-capa-390x205.jpg

INCLUSÃO-Série-a3-capa-site-Recuperado-capa-130x90.jpg

https://www.federacaopaulistadefutsal.com.br/novo/wp-content/uploads/2021/08/INCLUSÃO-Série-a3-capa-site-Recuperado-capa-130x90.jpg

INCLUSÃO-Série-a3-capa-site-Recuperado-capa-799x445.jpg

https://www.federacaopaulistadefutsal.com.br/novo/wp-content/uploads/2021/08/INCLUSÃO-Série-a3-capa-site-Recuperado-capa-799x445.jpg

INCLUSÃO-Série-a3-capa-site-Recuperado-capa.jpg

https://www.federacaopaulistadefutsal.com.br/novo/wp-content/uploads/2021/08/INCLUSÃO-Série-a3-capa-site-Recuperado-capa.jpg
