{"id":38793,"date":"2024-09-17T16:55:16","date_gmt":"2024-09-17T16:55:16","guid":{"rendered":"https:\/\/www.federacaopaulistadefutsal.com.br\/novo\/wp-content\/uploads\/2024\/09\/WhatsApp-Image-2024-09-17-at-13.46.48-1.jpeg"},"modified":"2024-09-17T16:55:53","modified_gmt":"2024-09-17T16:55:53","slug":"whatsapp-image-2024-09-17-at-13-46-48-1","status":"inherit","type":"attachment","link":"https:\/\/www.federacaopaulistadefutsal.com.br\/novo\/brasil-goleia-a-croacia-e-garante-vaga-no-mata-mata-da-copa-do-mundo-de-futsal\/whatsapp-image-2024-09-17-at-13-46-48-1\/","title":{"rendered":"WhatsApp Image 2024-09-17 at 13.46.48 (1)"},"author":2,"featured_media":0,"comment_status":"open","ping_status":"closed","template":"","meta":[],"class_list":["post-38793","attachment","type-attachment","status-inherit","hentry"],"description":{"rendered":"<p class=\"attachment\"><a href='https:\/\/www.federacaopaulistadefutsal.com.br\/novo\/wp-content\/uploads\/2024\/09\/WhatsApp-Image-2024-09-17-at-13.46.48-1.jpeg'><img fetchpriority=\"high\" decoding=\"async\" width=\"300\" height=\"207\" src=\"https:\/\/www.federacaopaulistadefutsal.com.br\/novo\/wp-content\/uploads\/2024\/09\/WhatsApp-Image-2024-09-17-at-13.46.48-1-300x207.jpeg\" class=\"attachment-medium size-medium\" alt=\"\" srcset=\"https:\/\/www.federacaopaulistadefutsal.com.br\/novo\/wp-content\/uploads\/2024\/09\/WhatsApp-Image-2024-09-17-at-13.46.48-1-300x207.jpeg 300w, https:\/\/www.federacaopaulistadefutsal.com.br\/novo\/wp-content\/uploads\/2024\/09\/WhatsApp-Image-2024-09-17-at-13.46.48-1-768x531.jpeg 768w, https:\/\/www.federacaopaulistadefutsal.com.br\/novo\/wp-content\/uploads\/2024\/09\/WhatsApp-Image-2024-09-17-at-13.46.48-1-392x272.jpeg 392w, https:\/\/www.federacaopaulistadefutsal.com.br\/novo\/wp-content\/uploads\/2024\/09\/WhatsApp-Image-2024-09-17-at-13.46.48-1-130x90.jpeg 130w, https:\/\/www.federacaopaulistadefutsal.com.br\/novo\/wp-content\/uploads\/2024\/09\/WhatsApp-Image-2024-09-17-at-13.46.48-1.jpeg 984w\" sizes=\"(max-width: 300px) 100vw, 300px\" \/><\/a><\/p>\n"},"caption":{"rendered":"<p>Pito, da sele\u00e7\u00e3o brasileira, comemora gol contra Cro\u00e1cia na Copa do Mundo de Futsal \u2014 Foto: Getty Images<\/p>\n"},"alt_text":"","media_type":"image","mime_type":"image\/jpeg","media_details":{"width":984,"height":680,"file":"2024\/09\/WhatsApp-Image-2024-09-17-at-13.46.48-1.jpeg","sizes":{"thumbnail":{"file":"WhatsApp-Image-2024-09-17-at-13.46.48-1-150x150.jpeg","width":150,"height":150,"mime_type":"image\/jpeg","source_url":"https:\/\/www.federacaopaulistadefutsal.com.br\/novo\/wp-content\/uploads\/2024\/09\/WhatsApp-Image-2024-09-17-at-13.46.48-1-150x150.jpeg"},"medium":{"file":"WhatsApp-Image-2024-09-17-at-13.46.48-1-300x207.jpeg","width":300,"height":207,"mime_type":"image\/jpeg","source_url":"https:\/\/www.federacaopaulistadefutsal.com.br\/novo\/wp-content\/uploads\/2024\/09\/WhatsApp-Image-2024-09-17-at-13.46.48-1-300x207.jpeg"},"medium_large":{"file":"WhatsApp-Image-2024-09-17-at-13.46.48-1-768x531.jpeg","width":768,"height":531,"mime_type":"image\/jpeg","source_url":"https:\/\/www.federacaopaulistadefutsal.com.br\/novo\/wp-content\/uploads\/2024\/09\/WhatsApp-Image-2024-09-17-at-13.46.48-1-768x531.jpeg"},"colormag-highlighted-post":{"file":"WhatsApp-Image-2024-09-17-at-13.46.48-1-392x272.jpeg","width":392,"height":272,"mime_type":"image\/jpeg","source_url":"https:\/\/www.federacaopaulistadefutsal.com.br\/novo\/wp-content\/uploads\/2024\/09\/WhatsApp-Image-2024-09-17-at-13.46.48-1-392x272.jpeg"},"colormag-featured-post-medium":{"file":"WhatsApp-Image-2024-09-17-at-13.46.48-1-390x205.jpeg","width":390,"height":205,"mime_type":"image\/jpeg","source_url":"https:\/\/www.federacaopaulistadefutsal.com.br\/novo\/wp-content\/uploads\/2024\/09\/WhatsApp-Image-2024-09-17-at-13.46.48-1-390x205.jpeg"},"colormag-featured-post-small":{"file":"WhatsApp-Image-2024-09-17-at-13.46.48-1-130x90.jpeg","width":130,"height":90,"mime_type":"image\/jpeg","source_url":"https:\/\/www.federacaopaulistadefutsal.com.br\/novo\/wp-content\/uploads\/2024\/09\/WhatsApp-Image-2024-09-17-at-13.46.48-1-130x90.jpeg"},"colormag-featured-image":{"file":"WhatsApp-Image-2024-09-17-at-13.46.48-1-800x445.jpeg","width":800,"height":445,"mime_type":"image\/jpeg","source_url":"https:\/\/www.federacaopaulistadefutsal.com.br\/novo\/wp-content\/uploads\/2024\/09\/WhatsApp-Image-2024-09-17-at-13.46.48-1-800x445.jpeg"},"colormag-elementor-block-extra-large-thumbnail":{"file":"WhatsApp-Image-2024-09-17-at-13.46.48-1-984x480.jpeg","width":984,"height":480,"mime_type":"image\/jpeg","source_url":"https:\/\/www.federacaopaulistadefutsal.com.br\/novo\/wp-content\/uploads\/2024\/09\/WhatsApp-Image-2024-09-17-at-13.46.48-1-984x480.jpeg"},"colormag-elementor-grid-large-thumbnail":{"file":"WhatsApp-Image-2024-09-17-at-13.46.48-1-600x417.jpeg","width":600,"height":417,"mime_type":"image\/jpeg","source_url":"https:\/\/www.federacaopaulistadefutsal.com.br\/novo\/wp-content\/uploads\/2024\/09\/WhatsApp-Image-2024-09-17-at-13.46.48-1-600x417.jpeg"},"colormag-elementor-grid-small-thumbnail":{"file":"WhatsApp-Image-2024-09-17-at-13.46.48-1-285x450.jpeg","width":285,"height":450,"mime_type":"image\/jpeg","source_url":"https:\/\/www.federacaopaulistadefutsal.com.br\/novo\/wp-content\/uploads\/2024\/09\/WhatsApp-Image-2024-09-17-at-13.46.48-1-285x450.jpeg"},"colormag-elementor-grid-medium-large-thumbnail":{"file":"WhatsApp-Image-2024-09-17-at-13.46.48-1-575x198.jpeg","width":575,"height":198,"mime_type":"image\/jpeg","source_url":"https:\/\/www.federacaopaulistadefutsal.com.br\/novo\/wp-content\/uploads\/2024\/09\/WhatsApp-Image-2024-09-17-at-13.46.48-1-575x198.jpeg"},"full":{"file":"WhatsApp-Image-2024-09-17-at-13.46.48-1.jpeg","width":984,"height":680,"mime_type":"image\/jpeg","source_url":"https:\/\/www.federacaopaulistadefutsal.com.br\/novo\/wp-content\/uploads\/2024\/09\/WhatsApp-Image-2024-09-17-at-13.46.48-1.jpeg"}},"image_meta":{"aperture":"0","credit":"","camera":"","caption":"","created_timestamp":"0","copyright":"","focal_length":"0","iso":"0","shutter_speed":"0","title":"","orientation":"0","keywords":[]}},"post":38791,"source_url":"https:\/\/www.federacaopaulistadefutsal.com.br\/novo\/wp-content\/uploads\/2024\/09\/WhatsApp-Image-2024-09-17-at-13.46.48-1.jpeg","_links":{"self":[{"href":"https:\/\/www.federacaopaulistadefutsal.com.br\/novo\/wp-json\/wp\/v2\/media\/38793","targetHints":{"allow":["GET"]}}],"collection":[{"href":"https:\/\/www.federacaopaulistadefutsal.com.br\/novo\/wp-json\/wp\/v2\/media"}],"about":[{"href":"https:\/\/www.federacaopaulistadefutsal.com.br\/novo\/wp-json\/wp\/v2\/types\/attachment"}],"author":[{"embeddable":true,"href":"https:\/\/www.federacaopaulistadefutsal.com.br\/novo\/wp-json\/wp\/v2\/users\/2"}],"replies":[{"embeddable":true,"href":"https:\/\/www.federacaopaulistadefutsal.com.br\/novo\/wp-json\/wp\/v2\/comments?post=38793"}],"wp:attached-to":[{"embeddable":true,"post_type":"post","id":38791,"href":"https:\/\/www.federacaopaulistadefutsal.com.br\/novo\/wp-json\/wp\/v2\/posts\/38791"}],"curies":[{"name":"wp","href":"https:\/\/api.w.org\/{rel}","templated":true}]}}

<p>Pito, da seleção brasileira, comemora gol contra Croácia na Copa do Mundo de Futsal — Foto: Getty Images</p>
