{"id":39535,"date":"2025-03-10T19:30:06","date_gmt":"2025-03-10T19:30:06","guid":{"rendered":"https:\/\/www.federacaopaulistadefutsal.com.br\/novo\/wp-content\/uploads\/2018\/05\/FORMUL\u00c1RIO-DE-CREDENCIAMENTO-DE-IMPRENSA-COMPETI\u00c7\u00d5ES-ORGANIZADAS-PELA-FPFS-2025.doc"},"modified":"2025-03-10T19:30:06","modified_gmt":"2025-03-10T19:30:06","slug":"formulario-de-credenciamento-de-imprensa-competicoes-organizadas-pela-fpfs-2025","status":"inherit","type":"attachment","link":"https:\/\/www.federacaopaulistadefutsal.com.br\/novo\/secretaria\/formulario-de-credenciamento-de-imprensa-competicoes-organizadas-pela-fpfs-2025\/","title":{"rendered":"FORMUL\u00c1RIO DE CREDENCIAMENTO DE IMPRENSA COMPETI\u00c7\u00d5ES ORGANIZADAS PELA FPFS &#8211; 2025"},"author":2,"featured_media":0,"comment_status":"open","ping_status":"closed","template":"","meta":[],"class_list":["post-39535","attachment","type-attachment","status-inherit","hentry"],"description":{"rendered":"<p class=\"attachment\"><a href='https:\/\/www.federacaopaulistadefutsal.com.br\/novo\/wp-content\/uploads\/2018\/05\/FORMUL\u00c1RIO-DE-CREDENCIAMENTO-DE-IMPRENSA-COMPETI\u00c7\u00d5ES-ORGANIZADAS-PELA-FPFS-2025.doc'>FORMUL\u00c1RIO DE CREDENCIAMENTO DE IMPRENSA COMPETI\u00c7\u00d5ES ORGANIZADAS PELA FPFS - 2025<\/a><\/p>\n"},"caption":{"rendered":"<p>FORMUL\u00c1RIO DE CREDENCIAMENTO DE IMPRENSA COMPETI\u00c7\u00d5ES ORGANIZADAS PELA FPFS &#8211; 2025<\/p>\n"},"alt_text":"","media_type":"file","mime_type":"application\/msword","media_details":{},"post":23175,"source_url":"https:\/\/www.federacaopaulistadefutsal.com.br\/novo\/wp-content\/uploads\/2018\/05\/FORMUL\u00c1RIO-DE-CREDENCIAMENTO-DE-IMPRENSA-COMPETI\u00c7\u00d5ES-ORGANIZADAS-PELA-FPFS-2025.doc","_links":{"self":[{"href":"https:\/\/www.federacaopaulistadefutsal.com.br\/novo\/wp-json\/wp\/v2\/media\/39535","targetHints":{"allow":["GET"]}}],"collection":[{"href":"https:\/\/www.federacaopaulistadefutsal.com.br\/novo\/wp-json\/wp\/v2\/media"}],"about":[{"href":"https:\/\/www.federacaopaulistadefutsal.com.br\/novo\/wp-json\/wp\/v2\/types\/attachment"}],"author":[{"embeddable":true,"href":"https:\/\/www.federacaopaulistadefutsal.com.br\/novo\/wp-json\/wp\/v2\/users\/2"}],"replies":[{"embeddable":true,"href":"https:\/\/www.federacaopaulistadefutsal.com.br\/novo\/wp-json\/wp\/v2\/comments?post=39535"}],"wp:attached-to":[{"embeddable":true,"post_type":"page","id":23175,"href":"https:\/\/www.federacaopaulistadefutsal.com.br\/novo\/wp-json\/wp\/v2\/pages\/23175"}],"curies":[{"name":"wp","href":"https:\/\/api.w.org\/{rel}","templated":true}]}}

https://www.federacaopaulistadefutsal.com.br/novo/wp-content/uploads/2018/05/FORMULÁRIO-DE-CREDENCIAMENTO-DE-IMPRENSA-COMPETIÇÕES-ORGANIZADAS-PELA-FPFS-2025.doc

FORMULÁRIO DE CREDENCIAMENTO DE IMPRENSA COMPETIÇÕES ORGANIZADAS PELA FPFS &#8211; 2025

<p class="attachment"><a href='https://www.federacaopaulistadefutsal.com.br/novo/wp-content/uploads/2018/05/FORMULÁRIO-DE-CREDENCIAMENTO-DE-IMPRENSA-COMPETIÇÕES-ORGANIZADAS-PELA-FPFS-2025.doc'>FORMULÁRIO DE CREDENCIAMENTO DE IMPRENSA COMPETIÇÕES ORGANIZADAS PELA FPFS - 2025</a></p>

<p>FORMULÁRIO DE CREDENCIAMENTO DE IMPRENSA COMPETIÇÕES ORGANIZADAS PELA FPFS &#8211; 2025</p>
