{"id":41214,"date":"2026-04-08T18:06:33","date_gmt":"2026-04-08T18:06:33","guid":{"rendered":"https:\/\/www.federacaopaulistadefutsal.com.br\/novo\/wp-content\/uploads\/2026\/04\/037_2026-Alteracao-de-local-data-e-horario-de-partida-Base-A2.pdf"},"modified":"2026-04-08T18:06:33","modified_gmt":"2026-04-08T18:06:33","slug":"037_2026-alteracao-de-local-data-e-horario-de-partida-base-a2","status":"inherit","type":"attachment","link":"https:\/\/www.federacaopaulistadefutsal.com.br\/novo\/comunicados-oficiais-2\/037_2026-alteracao-de-local-data-e-horario-de-partida-base-a2\/","title":{"rendered":"037_2026 &#8211; Altera\u00e7\u00e3o de local, data e horar\u00edo de partida &#8211; Base A2"},"author":2,"featured_media":0,"comment_status":"open","ping_status":"closed","template":"","meta":[],"class_list":["post-41214","attachment","type-attachment","status-inherit","hentry"],"description":{"rendered":"<p class=\"attachment\"><a href='https:\/\/www.federacaopaulistadefutsal.com.br\/novo\/wp-content\/uploads\/2026\/04\/037_2026-Alteracao-de-local-data-e-horario-de-partida-Base-A2.pdf'>037_2026 - Altera\u00e7\u00e3o de local, data e horar\u00edo de partida - Base A2<\/a><\/p>\n"},"caption":{"rendered":"<p>037_2026 &#8211; Altera\u00e7\u00e3o de local, data e horar\u00edo de partida &#8211; Base A2<\/p>\n"},"alt_text":"","media_type":"file","mime_type":"application\/pdf","media_details":{"filesize":178990,"sizes":{}},"post":3583,"source_url":"https:\/\/www.federacaopaulistadefutsal.com.br\/novo\/wp-content\/uploads\/2026\/04\/037_2026-Alteracao-de-local-data-e-horario-de-partida-Base-A2.pdf","_links":{"self":[{"href":"https:\/\/www.federacaopaulistadefutsal.com.br\/novo\/wp-json\/wp\/v2\/media\/41214","targetHints":{"allow":["GET"]}}],"collection":[{"href":"https:\/\/www.federacaopaulistadefutsal.com.br\/novo\/wp-json\/wp\/v2\/media"}],"about":[{"href":"https:\/\/www.federacaopaulistadefutsal.com.br\/novo\/wp-json\/wp\/v2\/types\/attachment"}],"author":[{"embeddable":true,"href":"https:\/\/www.federacaopaulistadefutsal.com.br\/novo\/wp-json\/wp\/v2\/users\/2"}],"replies":[{"embeddable":true,"href":"https:\/\/www.federacaopaulistadefutsal.com.br\/novo\/wp-json\/wp\/v2\/comments?post=41214"}],"wp:attached-to":[{"embeddable":true,"post_type":"page","id":3583,"href":"https:\/\/www.federacaopaulistadefutsal.com.br\/novo\/wp-json\/wp\/v2\/pages\/3583"}],"curies":[{"name":"wp","href":"https:\/\/api.w.org\/{rel}","templated":true}]}}

037_2026 &#8211; Alteração de local, data e horarío de partida &#8211; Base A2

<p class="attachment"><a href='https://www.federacaopaulistadefutsal.com.br/novo/wp-content/uploads/2026/04/037_2026-Alteracao-de-local-data-e-horario-de-partida-Base-A2.pdf'>037_2026 - Alteração de local, data e horarío de partida - Base A2</a></p>

<p>037_2026 &#8211; Alteração de local, data e horarío de partida &#8211; Base A2</p>
