{"id":41219,"date":"2026-04-08T18:06:48","date_gmt":"2026-04-08T18:06:48","guid":{"rendered":"https:\/\/www.federacaopaulistadefutsal.com.br\/novo\/wp-content\/uploads\/2026\/04\/042_2026-Alteracao-de-data-e-horario-de-partida-Base-A3.pdf"},"modified":"2026-04-08T18:06:48","modified_gmt":"2026-04-08T18:06:48","slug":"042_2026-alteracao-de-data-e-horario-de-partida-base-a3","status":"inherit","type":"attachment","link":"https:\/\/www.federacaopaulistadefutsal.com.br\/novo\/comunicados-oficiais-2\/042_2026-alteracao-de-data-e-horario-de-partida-base-a3\/","title":{"rendered":"042_2026 &#8211; Altera\u00e7\u00e3o de data e hor\u00e1rio de partida &#8211; Base A3"},"author":2,"featured_media":0,"comment_status":"open","ping_status":"closed","template":"","meta":[],"class_list":["post-41219","attachment","type-attachment","status-inherit","hentry"],"description":{"rendered":"<p class=\"attachment\"><a href='https:\/\/www.federacaopaulistadefutsal.com.br\/novo\/wp-content\/uploads\/2026\/04\/042_2026-Alteracao-de-data-e-horario-de-partida-Base-A3.pdf'>042_2026 - Altera\u00e7\u00e3o de data e hor\u00e1rio de partida - Base A3<\/a><\/p>\n"},"caption":{"rendered":"<p>042_2026 &#8211; Altera\u00e7\u00e3o de data e hor\u00e1rio de partida &#8211; Base A3<\/p>\n"},"alt_text":"","media_type":"file","mime_type":"application\/pdf","media_details":{"filesize":197815,"sizes":{}},"post":3583,"source_url":"https:\/\/www.federacaopaulistadefutsal.com.br\/novo\/wp-content\/uploads\/2026\/04\/042_2026-Alteracao-de-data-e-horario-de-partida-Base-A3.pdf","_links":{"self":[{"href":"https:\/\/www.federacaopaulistadefutsal.com.br\/novo\/wp-json\/wp\/v2\/media\/41219","targetHints":{"allow":["GET"]}}],"collection":[{"href":"https:\/\/www.federacaopaulistadefutsal.com.br\/novo\/wp-json\/wp\/v2\/media"}],"about":[{"href":"https:\/\/www.federacaopaulistadefutsal.com.br\/novo\/wp-json\/wp\/v2\/types\/attachment"}],"author":[{"embeddable":true,"href":"https:\/\/www.federacaopaulistadefutsal.com.br\/novo\/wp-json\/wp\/v2\/users\/2"}],"replies":[{"embeddable":true,"href":"https:\/\/www.federacaopaulistadefutsal.com.br\/novo\/wp-json\/wp\/v2\/comments?post=41219"}],"wp:attached-to":[{"embeddable":true,"post_type":"page","id":3583,"href":"https:\/\/www.federacaopaulistadefutsal.com.br\/novo\/wp-json\/wp\/v2\/pages\/3583"}],"curies":[{"name":"wp","href":"https:\/\/api.w.org\/{rel}","templated":true}]}}

042_2026 &#8211; Alteração de data e horário de partida &#8211; Base A3

<p class="attachment"><a href='https://www.federacaopaulistadefutsal.com.br/novo/wp-content/uploads/2026/04/042_2026-Alteracao-de-data-e-horario-de-partida-Base-A3.pdf'>042_2026 - Alteração de data e horário de partida - Base A3</a></p>

<p>042_2026 &#8211; Alteração de data e horário de partida &#8211; Base A3</p>
