{"id":41220,"date":"2026-04-08T18:06:51","date_gmt":"2026-04-08T18:06:51","guid":{"rendered":"https:\/\/www.federacaopaulistadefutsal.com.br\/novo\/wp-content\/uploads\/2026\/04\/043_2026-Alteracao-de-horario-de-partidas-Base-A3.pdf"},"modified":"2026-04-08T18:06:51","modified_gmt":"2026-04-08T18:06:51","slug":"043_2026-alteracao-de-horario-de-partidas-base-a3","status":"inherit","type":"attachment","link":"https:\/\/www.federacaopaulistadefutsal.com.br\/novo\/comunicados-oficiais-2\/043_2026-alteracao-de-horario-de-partidas-base-a3\/","title":{"rendered":"043_2026 &#8211; Altera\u00e7\u00e3o de hor\u00e1rio de partidas &#8211; Base A3"},"author":2,"featured_media":0,"comment_status":"open","ping_status":"closed","template":"","meta":[],"class_list":["post-41220","attachment","type-attachment","status-inherit","hentry"],"description":{"rendered":"<p class=\"attachment\"><a href='https:\/\/www.federacaopaulistadefutsal.com.br\/novo\/wp-content\/uploads\/2026\/04\/043_2026-Alteracao-de-horario-de-partidas-Base-A3.pdf'>043_2026 - Altera\u00e7\u00e3o de hor\u00e1rio de partidas - Base A3<\/a><\/p>\n"},"caption":{"rendered":"<p>043_2026 &#8211; Altera\u00e7\u00e3o de hor\u00e1rio de partidas &#8211; Base A3<\/p>\n"},"alt_text":"","media_type":"file","mime_type":"application\/pdf","media_details":{"filesize":194536,"sizes":{}},"post":3583,"source_url":"https:\/\/www.federacaopaulistadefutsal.com.br\/novo\/wp-content\/uploads\/2026\/04\/043_2026-Alteracao-de-horario-de-partidas-Base-A3.pdf","_links":{"self":[{"href":"https:\/\/www.federacaopaulistadefutsal.com.br\/novo\/wp-json\/wp\/v2\/media\/41220","targetHints":{"allow":["GET"]}}],"collection":[{"href":"https:\/\/www.federacaopaulistadefutsal.com.br\/novo\/wp-json\/wp\/v2\/media"}],"about":[{"href":"https:\/\/www.federacaopaulistadefutsal.com.br\/novo\/wp-json\/wp\/v2\/types\/attachment"}],"author":[{"embeddable":true,"href":"https:\/\/www.federacaopaulistadefutsal.com.br\/novo\/wp-json\/wp\/v2\/users\/2"}],"replies":[{"embeddable":true,"href":"https:\/\/www.federacaopaulistadefutsal.com.br\/novo\/wp-json\/wp\/v2\/comments?post=41220"}],"wp:attached-to":[{"embeddable":true,"post_type":"page","id":3583,"href":"https:\/\/www.federacaopaulistadefutsal.com.br\/novo\/wp-json\/wp\/v2\/pages\/3583"}],"curies":[{"name":"wp","href":"https:\/\/api.w.org\/{rel}","templated":true}]}}

043_2026 &#8211; Alteração de horário de partidas &#8211; Base A3

<p class="attachment"><a href='https://www.federacaopaulistadefutsal.com.br/novo/wp-content/uploads/2026/04/043_2026-Alteracao-de-horario-de-partidas-Base-A3.pdf'>043_2026 - Alteração de horário de partidas - Base A3</a></p>

<p>043_2026 &#8211; Alteração de horário de partidas &#8211; Base A3</p>
