{"id":41006,"date":"2026-03-18T15:01:25","date_gmt":"2026-03-18T15:01:25","guid":{"rendered":"https:\/\/www.federacaopaulistadefutsal.com.br\/novo\/?page_id=41006"},"modified":"2026-03-18T15:29:21","modified_gmt":"2026-03-18T15:29:21","slug":"processo-de-filiacao-a-fpfs-2027","status":"publish","type":"page","link":"https:\/\/www.federacaopaulistadefutsal.com.br\/novo\/secretaria\/processo-de-filiacao-a-fpfs-2027\/","title":{"rendered":"Filia\u00e7\u00e3o 2027"},"content":{"rendered":"<p data-start=\"135\" data-end=\"305\">Para participar das competi\u00e7\u00f5es oficiais organizadas pela Federa\u00e7\u00e3o Paulista de Futebol de Sal\u00e3o (FPFS), \u00e9 obrigat\u00f3rio que a equipe esteja devidamente filiada \u00e0 entidade.<\/p>\n<p data-start=\"307\" data-end=\"556\">O processo de filia\u00e7\u00e3o \u00e9 estruturado em etapas e envolve o atendimento a requisitos administrativos, t\u00e9cnicos e estruturais. Por isso, \u00e9 fundamental que os clubes interessados consultem atentamente o material completo antes de iniciar a solicita\u00e7\u00e3o.<\/p>\n<p data-start=\"558\" data-end=\"645\">No documento dispon\u00edvel, o clube encontrar\u00e1 todas as orienta\u00e7\u00f5es detalhadas, incluindo:<\/p>\n<ul data-start=\"647\" data-end=\"1127\">\n<li data-section-id=\"10aykj\" data-start=\"647\" data-end=\"724\">\n<p data-start=\"649\" data-end=\"724\">Rela\u00e7\u00e3o completa de documentos obrigat\u00f3rios para solicita\u00e7\u00e3o de filia\u00e7\u00e3o;<\/p>\n<\/li>\n<li data-section-id=\"127em6s\" data-start=\"725\" data-end=\"791\">\n<p data-start=\"727\" data-end=\"791\">Prazos e condi\u00e7\u00f5es para participa\u00e7\u00e3o nas competi\u00e7\u00f5es oficiais;<\/p>\n<\/li>\n<li data-section-id=\"b6dc1a\" data-start=\"792\" data-end=\"891\">\n<p data-start=\"794\" data-end=\"891\">Exig\u00eancias estruturais do gin\u00e1sio (dimens\u00f5es, seguran\u00e7a, ilumina\u00e7\u00e3o, capacidade, entre outros);<\/p>\n<\/li>\n<li data-section-id=\"1e87jxb\" data-start=\"892\" data-end=\"991\">\n<p data-start=\"894\" data-end=\"991\">Requisitos da comiss\u00e3o t\u00e9cnica (licenciamento de treinadores, equipe de apoio e representante);<\/p>\n<\/li>\n<li data-section-id=\"egxz3r\" data-start=\"992\" data-end=\"1056\">\n<p data-start=\"994\" data-end=\"1056\">Procedimentos de an\u00e1lise e aprova\u00e7\u00e3o pela diretoria da FPFS;<\/p>\n<\/li>\n<li data-section-id=\"1ipgrd5\" data-start=\"1057\" data-end=\"1127\">\n<p data-start=\"1059\" data-end=\"1127\">Informa\u00e7\u00f5es sobre taxas e etapas finais para efetiva\u00e7\u00e3o da filia\u00e7\u00e3o.<\/p>\n<\/li>\n<\/ul>\n<p data-start=\"1129\" data-end=\"1278\">O processo \u00e9 dividido em quatro fases: envio de documenta\u00e7\u00e3o, valida\u00e7\u00e3o da estrutura e equipe, an\u00e1lise institucional e pagamento da taxa de filia\u00e7\u00e3o.<\/p>\n<p><a class=\"https:\/\/www.federacaopaulistadefutsal.com.br\/novo\/wp-content\/uploads\/2026\/03\/PROCESSO-DE-FILIACAO-A-FPFS-2027-.pdf\" href=\"https:\/\/www.federacaopaulistadefutsal.com.br\/novo\/wp-content\/uploads\/2026\/03\/PROCESSO-DE-FILIACAO-A-FPFS-2027-.pdf\" target=\"_blank\" rel=\"https:\/\/www.federacaopaulistadefutsal.com.br\/novo\/wp-content\/uploads\/2026\/03\/PROCESSO-DE-FILIACAO-A-FPFS-2027-.pdf noopener\"><img decoding=\"async\" class=\"alignleft\" src=\"https:\/\/www.gov.br\/transportes\/pt-br\/centrais-de-conteudo\/pdf-png11403\/@@images\/image.png\" alt=\"pdf.png\" width=\"183\" height=\"181\" \/><\/a><\/p>\n<p data-start=\"1280\" data-end=\"1458\">\u26a0\ufe0f <strong data-start=\"1283\" data-end=\"1298\">Importante: <\/strong>O cumprimento integral de todas as exig\u00eancias e prazos estabelecidos \u00e9 condi\u00e7\u00e3o necess\u00e1ria para participa\u00e7\u00e3o no processo de filia\u00e7\u00e3o. No entanto, <strong data-start=\"247\" data-end=\"300\">isso n\u00e3o garante a ap<\/strong><strong data-start=\"247\" data-end=\"300\">rova\u00e7\u00e3o autom\u00e1tica da equipe<\/strong>, ficando a efetiva\u00e7\u00e3o da filia\u00e7\u00e3o condicionada \u00e0 an\u00e1lise e aprova\u00e7\u00e3o final da Diretoria da FPFS.<br \/>\n\ud83d\udc49 Recomendamos a leitura completa do documento para garantir que todos os crit\u00e9rios sejam atendidos corretamente.<\/p>\n<h2 data-start=\"1460\" data-end=\"1574\"><\/h2>\n","protected":false},"excerpt":{"rendered":"<p>Para participar das competi\u00e7\u00f5es oficiais organizadas pela Federa\u00e7\u00e3o Paulista de Futebol de Sal\u00e3o (FPFS), \u00e9 obrigat\u00f3rio que a equipe esteja<\/p>\n","protected":false},"author":2,"featured_media":0,"parent":23175,"menu_order":2,"comment_status":"closed","ping_status":"closed","template":"","meta":{"footnotes":""},"class_list":["post-41006","page","type-page","status-publish","hentry"],"_links":{"self":[{"href":"https:\/\/www.federacaopaulistadefutsal.com.br\/novo\/wp-json\/wp\/v2\/pages\/41006","targetHints":{"allow":["GET"]}}],"collection":[{"href":"https:\/\/www.federacaopaulistadefutsal.com.br\/novo\/wp-json\/wp\/v2\/pages"}],"about":[{"href":"https:\/\/www.federacaopaulistadefutsal.com.br\/novo\/wp-json\/wp\/v2\/types\/page"}],"author":[{"embeddable":true,"href":"https:\/\/www.federacaopaulistadefutsal.com.br\/novo\/wp-json\/wp\/v2\/users\/2"}],"replies":[{"embeddable":true,"href":"https:\/\/www.federacaopaulistadefutsal.com.br\/novo\/wp-json\/wp\/v2\/comments?post=41006"}],"version-history":[{"count":19,"href":"https:\/\/www.federacaopaulistadefutsal.com.br\/novo\/wp-json\/wp\/v2\/pages\/41006\/revisions"}],"predecessor-version":[{"id":41036,"href":"https:\/\/www.federacaopaulistadefutsal.com.br\/novo\/wp-json\/wp\/v2\/pages\/41006\/revisions\/41036"}],"up":[{"embeddable":true,"href":"https:\/\/www.federacaopaulistadefutsal.com.br\/novo\/wp-json\/wp\/v2\/pages\/23175"}],"wp:attachment":[{"href":"https:\/\/www.federacaopaulistadefutsal.com.br\/novo\/wp-json\/wp\/v2\/media?parent=41006"}],"curies":[{"name":"wp","href":"https:\/\/api.w.org\/{rel}","templated":true}]}}